2 + r + 5. Let p(m) = -7*u(m) - 6*y(m). What is the tens digit of p(6)?
5
Let l = 338 + -316. Let i = l - -949. What is the hundreds digit of i?
9
What is the units digit of 20/12 + -2 - 1500344/(-87)?
5
Let l(o) = 361*o**2 - 87*o + 387. What is the tens digit of l(5)?
7
Let d(j) = 158*j + 53 + 5 + 22. What is the tens digit of d(3)?
5
Suppose 27801 = g + 3*p, -44*g - 4*p = -46*g + 55592. What is the units digit of g?
8
Suppose -92820 = -42*o + 181524. What is the thousands digit of o?
6
What is the thousands digit of (-326838)/15*40/(-16)?
4
Suppose -5*w - 4*d = -86019, -2*d = -w + 2*w - 17199. What is the thousands digit of w?
7
Suppose 0 = 5*m + 5*v - 781 - 6229, -7045 = -5*m + 2*v. Suppose 0 = -21*x + m + 4662. What is the hundreds digit of x?
2
Suppose -m - 7 = -3*h, -4*m - 5*h + 25 = -3*m. Suppose -m*n + 8 = -n. Suppose -6*f + 3*f = -a + 112, n*a - 5*f - 226 = 0. What is the units digit of a?
8
Suppose -3*p + 15730 = 5*a, -5*a = p - 5*p + 20985. What is the units digit of p?
5
Suppose -t = 2*r - 52540, -2*r + 3*t + 13835 = -38689. What is the hundreds digit of r?
2
Suppose 94*y - 51*y + 1604860 = 63*y. What is the ten thousands digit of y?
8
Suppose -j + 18 = -9*v + 11*v, 3*j + v - 54 = 0. What is the hundreds digit of 6 + (-208)/36 - (-2174)/j?
1
Let h(a) = 120*a + 1051. What is the hundreds digit of h(-4)?
5
Let b = 46737 + -33371. What is the units digit of b?
6
Suppose 0 = 13*z - 2*z - 66. Let f be (-544)/(-30) - z/45. Suppose 0 = h + 4, -f = -2*q + 4*h + 446. What is the hundreds digit of q?
2
Let p(i) = -6*i**3 + i**2 - 2*i + 7. Let a = -10 - -7. Let u(n) = -5*n**3 + n**2 - 2*n + 6. Let s(h) = a*u(h) + 2*p(h). What is the units digit of s(3)?
4
Let n be (-35)/25 + 21/(-35). Let v(o) = 85*o**2 - 7*o - 12. What is the tens digit of v(n)?
4
Let w(q) = 20*q**2 + 2*q + 39. Let v be w(-6). Suppose -742*m = -v*m + 3060. What is the tens digit of m?
1
Suppose 17*c + 208645 - 585246 = 273122. What is the units digit of c?
9
Suppose 3098 = 13*i - 8290. What is the units digit of i?
6
Let g(q) = -q**2 + 4*q + 34. Let i be g(8). Let h(o) = -2*o. Let p be h(i). What is the hundreds digit of ((-417)/6)/((2/p)/1)?
1
Let q be 1/(4/(-660)*5). Let u(m) = -m**2 - 38*m + 111. What is the units digit of u(q)?
6
Suppose 3*t - 21 = 5*c, -2*c + 2*t - 12 = c. Let u be (50 + 8)*(-3)/c. Let x = u + -26. What is the units digit of x?
3
Let r(b) = b**3 - 17*b**2 - 15*b - 54. Let a be r(18). Suppose -8*f = -a*f - 1144. What is the tens digit of f?
4
Let c(t) = 3*t**2 + 246*t**3 + 11 + 251*t**3 + 8*t**2 - 498*t**3 - 9*t. Let z = -8 - -14. What is the units digit of c(z)?
7
Let n(y) = y**3 + 3*y**2 + y. Let s be n(-2). Suppose -s*g + 4*g = -198. What is the tens digit of 22/g + (-362)/(-9)?
4
Let x = -275 + 281. What is the hundreds digit of ((-3)/x + 1145/(-30))*-12?
4
Suppose -34*s = 21*s + 5*s. What is the tens digit of 372 + s + 39/(-13)?
6
Suppose 14*b + 9 = 17*b. Suppose 16 = b*l - 8. Suppose 11*c - 111 = l*c. What is the units digit of c?
7
Let p = 8545 - -3771. What is the hundreds digit of p?
3
Let v(i) = -118*i + 48*i - 131*i - 1. Let h be v(1). Let b = -101 - h. What is the units digit of b?
1
Suppose -i + 14 + 996 = 0. What is the tens digit of i + 25/5 + -9?
0
Let o be 3 + (5 - 6) + 605*-14. What is the tens digit of o/(-16) - (-2)/(-8)?
2
Let m = 81 + -60. Let v = 116 - m. What is the tens digit of v?
9
Suppose 10*s - 14*s + 20 = 0. Suppose c = 2*v - 878 - 749, 2*v + s*c - 1645 = 0. What is the units digit of v?
5
Suppose 7*a = -4*a - 5676. Let z = a - -948. What is the units digit of z?
2
Let i(m) = -7*m + 37. Let y be i(-15). Suppose 0 = 26*j - 24*j + y. Let r = 14 - j. What is the tens digit of r?
8
Suppose 2*p - 3538 = -2*q, 0 = -2*p - 0*p - 4*q + 3542. What is the tens digit of p?
6
Let z(g) = -484*g + 128. Let t be z(-18). What is the units digit of -4*1 - t/(-17)?
6
Let l = 990 + -490. What is the units digit of l?
0
Let h = -92 - -77. Let f(b) = 4*b - 36. Let w be f(h). What is the units digit of 2 + w/42 - (-863)/7?
3
Let u = -5 + 0. Let b(i) be the first derivative of 4*i**3/3 + 3*i**2 + 12*i + 12. What is the units digit of b(u)?
2
Suppose 3*n + 50 = 5*d, 0*d - d + 2*n + 10 = 0. Suppose 6*q = 4*q + d. Suppose 4*c = q*p + c - 17, 3*c - 7 = -p. What is the units digit of p?
4
Suppose 3*u + 6 = 0, 3*h = -0*h - 2*u - 13. Let i(g) = -298*g - 36. What is the tens digit of i(h)?
5
Let a be 11/5 - (-4)/(-20). Suppose 3*r + 5*f = 1102, a*r + 6*f = 11*f + 743. What is the units digit of r?
9
Suppose 165*j = 397*j - 4545808. What is the tens digit of j?
9
Let d = -4762 - -6729. Let c = d - 714. Suppose 0 = -6*z - z + c. What is the tens digit of z?
7
Let w = 2318 - -6729. What is the units digit of w?
7
Let u = 8 + 16. Suppose 0 = -5*p + 2*l - u, 6 = -p + 4*l - 6. Let y = p + 94. What is the units digit of y?
0
Suppose -9709 = -2*o - l + 225, 0 = 5*o - l - 24842. What is the thousands digit of o?
4
Suppose -649*s + 28129844 = -4376619. What is the units digit of s?
7
Let w(j) = j - 6. Let f be w(9). Let x be (f + -30)/(9/(-30)). Let a = 229 - x. What is the hundreds digit of a?
1
Suppose 1840 = 4*g - 2*s, 8 - 16 = 2*s. What is the units digit of g?
8
Suppose -47*q = -42*q + 4*w - 525, 3*q - 315 = -5*w. What is the units digit of q?
5
Let q = 36 + -43. Let y(r) = -r**3 - 5*r**2 + 9*r + 2. Let k be y(q). Let m = k - -24. What is the tens digit of m?
6
Suppose n - 23 = 5*y + 4*n, 3*y = -n - 13. Let s be (-3)/((-18)/y) + (-9622)/(-51). Suppose 4*l - 8 - 4 = 0, 2*b - s = -4*l. What is the units digit of b?
8
What is the hundreds digit of (-341)/(-33) + 28/(-12) - -9329?
3
Suppose 0 = 5*l - 10, -226*j + 231*j - 25844 = 3*l. What is the tens digit of j?
7
Suppose 1 = d - 2, -2*d = u + 29. Let z(h) = 9*h**3 + 10*h**2 - h + 10. Let x be z(-5). What is the tens digit of x/u - 2 - 4/7?
2
Let r = -42 + 45. Suppose r*v - 4*k - 26 = 0, -3*k - 10 = -v - k. Suppose -5*j = -v*j + 84. What is the units digit of j?
4
Suppose 2*r + 3*i = 171773, -15*r + 16*r - 85894 = i. What is the units digit of r?
1
Let b(j) = 35*j**3 + j**2 - 7*j + 5. What is the hundreds digit of b(3)?
9
Suppose 1132 = -r - 3*r. Let y = r - -417. Let n = 65 + y. What is the units digit of n?
9
Let q = -5611 + 9790. What is the thousands digit of q?
4
Let s(h) = 34*h**2 - 6. Let r be s(-7). Suppose 9*x - r = 140. What is the tens digit of x?
0
What is the units digit of (-5)/160*-4 + (122075/40 - 3)?
9
Let c = 10959 - 10958. Let q = -2 - -3. What is the units digit of (-194 + q)*(0 - c)?
3
Suppose 3*n + q + q = 817, -4*n + 1096 = q. Suppose 12*y - 11*y = n. What is the tens digit of y?
7
Suppose -8*x + 28280 + 12184 = 0. What is the units digit of x?
8
Let k(r) = 2*r**3 - 7*r**2 - 2*r - 13. Let w be k(4). What is the hundreds digit of w + (4 - 5) - -847?
8
Let v = 2522 - -2030. What is the hundreds digit of v?
5
Let i = -14554 - -14458. Let w(d) = 30*d - 7. Let b be w(5). Let r = i + b. What is the tens digit of r?
4
Let w(v) = -v**3 + 49*v**2 - 66*v - 60. What is the units digit of w(43)?
6
Let o = -83 + 88. Suppose o*u + 15 = 4*u. What is the hundreds digit of (-2094)/u + (-2)/(-5) + -3?
1
Suppose -147947 = -14*u - 0*u + 523. What is the thousands digit of u?
0
Let a(d) be the first derivative of -d**4/4 - 7*d**3 - 39*d**2/2 - 58*d - 161. What is the hundreds digit of a(-20)?
3
Let z(p) = 644*p + 2081. What is the thousands digit of z(21)?
5
Let s = 63 - 154. Let x = s + -29. What is the tens digit of (6/(-10))/(6/x)?
1
Let u = -30 + 28. Let r be (-1)/u + 50/(-4). What is the units digit of (r + 0 - -4)*2/(-4)?
4
Suppose -5*q = -25, 2*g - q + 6*q - 173 = 0. Let w = g - 58. Suppose 104 = l + w. What is the units digit of l?
8
Let b = -68 - -76. Suppose 2*a + b*a = 20. Suppose -3*p + 51 = 2*k, -3*p - 5*k = -a*p - 4. What is the tens digit of p?
1
What is the units digit of (-1188)/(-30)*23380/84?
2
Let b(v) = 4*v + 20. Suppose 7 = -4*c + j - 21, c - 10 = -4*j. Let k be b(c). Let o(y) = -y**3 + 4*y**2 - 4*y - 3. What is the hundreds digit of o(k)?
1
Let i be ((-106)/(-6))/(((-22)/(-33))/(-2)). Suppose -d + 5*a - 74 = 0, -5*d - a = 4*a + 520. Let p = i - d. What is the units digit of p?
6
Suppose 47*u - 45770 = 56032. What is the thousands digit of u?
2
Let g = 68 - 65. What is the units digit o